e p(7). Let g(a) = 2*a**2 + 3*a - 5. Let v(w) = -w**2 - 2*w + 3. Let q(d) = 6*g(d) + 11*v(d). Give q(z).
8
Let r = 71 - 70. Let z(n) = n**2 - n + 1. Let j(i) = -i**2 + 1. Suppose 1 = -2*q + 5. Let f(o) = q*z(o) - j(o). Determine f(r).
2
Suppose -21*x + 28*x = -7. Let r(p) be the third derivative of p**5/20 - p**4/24 + p**2. What is r(x)?
4
Suppose -j - 3*m - 10 = -m, -10 = -3*j + 2*m. Suppose 2*k + 5*a + j = -6, k + 4*a + 3 = 0. Let n(h) = -h**3 - 2*h**2 + 3*h - 2. Give n(k).
-2
Let d(y) = y**3 + 4*y**2 - 7*y - 4. Let c = -55 + 50. Give d(c).
6
Let n(w) = -6*w - 12. Let g(y) = -3*y - 6. Let s(r) = 9*g(r) - 4*n(r). Give s(-6).
12
Let q(g) = g**2 + 9*g + 11. Let y be q(-8). Let d be 3*1/(y/2). Let r(l) = -2*l + l**2 + 6*l**2 - 8*l**d + 5. Give r(-4).
-3
Let k = 14 - 4. Suppose -k + 0 = -5*c. Suppose -2*v = c*v + 16. Let j(r) = 2*r + 1. What is j(v)?
-7
Let a(d) = 6*d - 3*d - 2*d. Let f(y) = -y**2 + 7*y - 9. Let r be f(7). Let p be 34/8 + r/(-12). Calculate a(p).
5
Suppose -5*v + 7 = -3. Let w(t) = 2 - 4*t - v + t**2. Let s be (-6)/(-36) - 34/(-12). What is w(s)?
-3
Suppose -3*b + 4 = x + 17, -4*b = 3*x + 19. Let f(a) = -a**2 - 2*a - 1. What is f(b)?
-9
Let v(y) = y - 2. Suppose -3*k + 2*o + 4 = 0, -4*o - 2 = -3*o. Suppose k = c + 1 - 3. Let s be -3*(-5)/3 - c. What is v(s)?
1
Suppose -s = 2*y - 6, 5*y - 3*s = 2*s. Suppose u + 2*k = -11, 0 = y*u + 3*u - 3*k - 10. Let h = -1 + u. Let j(f) = -f**3 + f**2 + f - 2. Determine j(h).
8
Let x be 4*1 + 3/(-1). Let o(v) = -9*v + 2. Let z(u) = 9*u - 3. Let p(i) = 4*o(i) + 3*z(i). Calculate p(x).
-10
Let g = -168 + 174. Let y(n) = 3*n**3 - 15*n**2 - 18*n - 23. Let o(w) = w**3 - 5*w**2 - 6*w - 8. Let a(d) = -11*o(d) + 4*y(d). What is a(g)?
-4
Let y(z) = 3*z + 3. Let v(u) = -1. Let w(x) = 4*v(x) + y(x). Determine w(1).
2
Let d be 2*-5*(-2)/(-4). Let y be d + 1*(-2 - -2). Let i(v) = -16*v + 12*v - 6*v**2 + 2*v**3 + 1 - 3*v**3. What is i(y)?
-4
Let w(x) be the first derivative of -7*x**4/4 - x**2/2 + x - 6. What is w(1)?
-7
Suppose -2*a = -6*a + 20. Let b(h) = -4*h**2 - 12*h + 8. Let y = 0 + -1. Let s(n) = -n**2 - n. Let w(d) = a*s(d) + y*b(d). What is w(6)?
-2
Let s(c) = 5*c**3 + c**2 - 5*c + 3. Suppose b + a - 7 = 0, -3*b + a + a = -6. Let m(h) = h**3 - h + 1. Let v(j) = b*m(j) - s(j). Calculate v(2).
-9
Let d be (-9)/7 - 4/(-14). Let k(f) be the first derivative of -9*f**4/4 - f**3/3 + f + 8. Calculate k(d).
9
Suppose 3*p - a - a = -24, 4*p + 30 = 2*a. Let x(c) = 9*c**2 - 6*c - 5. Let d(m) = -4*m**2 + 3*m + 2. Let u(r) = p*x(r) - 13*d(r). What is u(-3)?
-5
Let m(k) = -4*k**3 + 3*k**2 + 4*k + 2. Let p(z) = 5*z**3 - 4*z**2 - 5*z - 3. Let j(f) = 4*m(f) + 3*p(f). Let y(c) = -2*c - 2. Let u be y(-1). Give j(u).
-1
Let q(m) be the third derivative of m**4/24 + 5*m**3/3 - 2*m**2 + 2. What is q(-9)?
1
Let p = 4 - 2. Let w(n) = -n - 1. Let h be w(-3). Let d(l) = -4*l**2 - l - 2 + 5*l**h + 1. Determine d(p).
1
Let d(r) be the second derivative of r**4/12 + r**3/2 - r**2/2 - r. Suppose 0*v + 2*v - 2 = 0. Let f = -3 - v. What is d(f)?
3
Let w(u) = -u**2 + 3 - 2*u + 0*u + 4*u - 4*u. What is w(-5)?
-12
Suppose -5*u + 0*u + 115 = 0. Let w(i) = 0*i**3 - 18*i**2 - 7*i + i**3 + u*i**2 - 9. What is w(-6)?
-3
Let g(j) = -11*j**2 - 21*j - 19. Let i(l) = -4*l**2 - 7*l - 6. Suppose -8*s + 21 = -s. Let c(k) = s*g(k) - 8*i(k). Determine c(-6).
-3
Suppose 5*a = 3 + 2. Let r be a/((-3)/(-6)) - 8. Let g(q) = 3*q**2 + 3*q - 4. Let u(n) = 7*n**2 + 5*n - 8. Let o(y) = -5*g(y) + 2*u(y). Determine o(r).
-2
Suppose 3*j - 3*o = -3 - 3, 3*o - 30 = -5*j. Suppose 4*s - j*d = 19, 5*s + 2*d = d. Let q(f) = -5*f**3 + f**2 + f - 1. Determine q(s).
-4
Let i be (-4)/(-14) + (-8)/28. Let j(m) = -m**2 + 0*m**2 + 3 + i*m**2 + m. Determine j(0).
3
Let p(n) be the second derivative of -n**4/12 - 2*n**3/3 + 2*n**2 - 7*n. Give p(-5).
-1
Let h(k) = -k**3 - 6*k**2 - 5*k + 3. Suppose n + 3*n = p, 0 = 2*n - 2*p + 6. Suppose y + n + 4 = 0. What is h(y)?
3
Suppose 2*g = 3*l, l + 3 = -2*l + g. Let c = l + -1. Let q(n) = n**2 + 2*n + 4. Determine q(c).
7
Let j(r) = r**3 + 4*r**2 - 3. Suppose 5*z - 19 + 4 = 0. Suppose -4 + 16 = z*d. Let h = d - 7. What is j(h)?
6
Suppose -7*l + 14 + 0 = 0. Let p(w) be the second derivative of 0*w**l + 1/6*w**3 - w + 0 - 5/12*w**4. Give p(-1).
-6
Let c(y) = -y**3 + 2. Suppose -3*h + a = -2*a - 6, -a = -2*h + 4. What is c(h)?
-6
Let x(d) = 6*d**2 + d**3 - 6*d**2. Determine x(-2).
-8
Let y(n) be the second derivative of -n**3/2 - 13*n. Give y(5).
-15
Suppose 24 = -c + 5*c. Let z(j) = 2 - 7*j + c*j - 6*j + j**3 + 3 - 2*j**2. Determine z(4).
9
Let u = -11 - -5. Let b be -4*2*u/12. Let t(l) = -2*l + 0*l + l**2 - l. What is t(b)?
4
Let i(c) = 3*c - 2 + 8*c**2 - c - 3*c - 6*c**3. Let t(w) = -w - 2*w**3 + 7*w**3 - 3*w**2 - 4*w**2 + 2 + 2*w. Let z(h) = -6*i(h) - 7*t(h). Give z(2).
8
Let t(u) = 3*u - 1. Let i be t(-1). Let v(m) = -m**3 - 3*m**2 + 4*m + 1. What is v(i)?
1
Let c(g) be the third derivative of 0 + 0*g + 5/2*g**3 + 2*g**2 + 1/24*g**4. Let a be c(-10). Let k(o) = o**3 - 4*o**2 - 5*o - 3. What is k(a)?
-3
Let z(o) = -o**2 + 6*o - 1. Let p(j) = -j**3 + 8*j**2 - 5*j - 9. Let q = -2 + 9. Let n be p(q). Determine z(n).
4
Let d(f) = -f. Let t be d(-5). Let g = t + -2. Suppose 5*l - g = 12. Let j(b) = -b - 4. Give j(l).
-7
Let v(u) = -u**3 - 4*u**2 + 5*u + 2. Let h be v(-5). Let a(c) = -5*c + 2. What is a(h)?
-8
Let w(x) = -x - 1. Let a(v) = v**3 - 12*v**2 - 13*v. Let m be a(13). Suppose 0*o - 8 = -2*o. Suppose -s - 9 = n - 4*n, m = -o*s + 3*n - 18. Determine w(s).
2
Suppose -2*k = 3*k - 25. Suppose k*f + 0*f = 0. Suppose f*p = -p + 4. Let u(j) = j**3 - 4*j**2 + 2*j - 4. What is u(p)?
4
Suppose 0 = 3*k - 4*i - 3, -2*i - 3*i = 3*k + 24. Let z be (-2 - -2)*k/6. Let h(r) = -r - 3. Give h(z).
-3
Let l(r) = -r**3 + 7*r**2 - r - 7. Let g(f) = f**3 - 7*f**2 + 7. Let m(u) = -3*g(u) - 4*l(u). What is m(6)?
-5
Let y(f) = f**2 + 4*f + 1. Suppose -q + 4 = -o, -2*o + 22 = -6*o - 2*q. Give y(o).
6
Let u(c) = 2*c + 22. Let a be u(-11). Let v(f) = -4*f**2 + 10*f**2 + f**3 + 8*f + 4 + a. Give v(-5).
-11
Let u be 2/(1*(-8)/20). Let j(b) = -b - 5. What is j(u)?
0
Let u be (-3 - -2) + -2 - -5. Let d(o) = 4 - o - 6 + u*o. Determine d(-3).
-5
Let y be (-2 + 1)*(-1 + 1). Suppose y*a + a = -2. Let f = a + 1. Let b(z) = -z**3 - 2*z**2 - z. What is b(f)?
0
Let q(z) = z**3 + z**2 + z + 2. Suppose 4*s = s + 12. Let g = 7 - 2. Suppose -7 = g*u + t, 2*u + 2*u - 4 = -s*t. Determine q(u).
-4
Let g(b) be the first derivative of -1/3*b**3 - 1/60*b**5 + 0*b**2 + 0*b - 2 + 1/4*b**4. Let y(q) be the third derivative of g(q). Calculate y(5).
-4
Let b = -2 + 1. Let s be (-1)/((-1)/(b + 2)). Let t(x) = -2 + 6*x - s - 3*x + x**2. Give t(-5).
7
Let h = 7 - 3. Let z(l) = 3*l + 57*l**2 + 62*l**2 - 120*l**2 - 5. What is z(h)?
-9
Let w(o) = o + 5. Let s = 25 + -23. Let c be ((-10)/(-3))/(1/3). Let y be ((-12)/10)/(s/c). Give w(y).
-1
Let m(v) = -3*v**2 - 1 - 3*v + 3*v. Let j = -5 + 3. Let d be j/(-12)*-2*-3. What is m(d)?
-4
Let n(b) = 2*b**2 + 11*b + 5. Let f be n(-5). Let q(r) = 1 + 1 - r + 1 + r**3. What is q(f)?
3
Let t(q) = q**2 + 7*q + 5. Suppose 15 = 13*o - 16*o. Determine t(o).
-5
Suppose j - 10 = -8. Suppose 3*z - 13 = -q, q = -0*q + j*z - 12. Let l(p) = p**3 + 2*p**2 + 3*p. Calculate l(q).
-6
Let w(g) = -4 + 3*g + 0 - 5 - 2*g. What is w(0)?
-9
Let s = -2 + 0. Let p(h) = -1 + 15*h - 25*h - h**2 + 11*h. What is p(s)?
-7
Let y(i) be the third derivative of -i**5/60 - i**4/24 + i**3/6 - i**2. Let d(k) = -5*k**2 - 6*k + 5. Let w(g) = 2*d(g) - 11*y(g). Determine w(1).
-1
Let s(b) = 13*b**3 - b**2 + 1. Let d(y) = -y**3 - 4*y**2 - y - 3. Let a be d(-4). Determine s(a).
13
Let f = -24 - -13. Let u = 10 + f. Let h(n) = -4*n**2 + 2*n + 1. Calculate h(u).
-5
Let u(y) be the second derivative of -y**3/6 + y**2/2 + 4*y. What is u(5)?
-4
Let l(y) = y**3 - y**2 + y + 1. Let d(f) = -5*f**3 + 2*f - 3. Let w(n) = d(n) + 4*l(n). Determine w(-5).
-4
Let k be 6/4 - 10/4. Let y = k + -5. Let u(o) = o**2 + 7*o. Determine u(y).
-6
Let q(r) be the second derivative of -r**5/60 + r**4/12 + r**3/2 + r**2/2 + r. Let k(c) be the first derivative of q(c). Suppose -7 - 11 = -6*w. Give k(w).
0
Let q(x) be the second derivative of -x**4/12 + x**3/3 + 5*x**2/2 - 2*x. Determine q(5).
-10
Let k(l) = -6*l**2 